. Let y = -5 + h. Let v(t) be the second derivative of t**4/6 + t**3/2 + t**2 - 16*t. Give v(y).
4
Let o be ((-21)/(-18))/((-84)/(-36)). Let h(a) be the third derivative of o*a**3 - 1/12*a**5 - 1/120*a**6 - 8*a**2 + 0*a**4 + 0*a + 0. Give h(-5).
3
Let z = 333 + -340. Let s(m) = -m**2 - 8*m - 14. Determine s(z).
-7
Let z(b) = 3*b**2 - 18*b + 4. Let l(n) = 8*n**2 - 53*n + 11. Let s(g) = -4*l(g) + 11*z(g). Give s(-14).
0
Let f(m) = -2*m - 6. Let u(n) = 2*n + 7. Let a(k) = 2*f(k) + 3*u(k). Suppose 0 = 2*j + 5*b + 39, 26*j - 22*j + 43 = -3*b. What is a(j)?
-5
Let i(h) = -h + 3. Suppose -10 = 3*y - p, -9 + 27 = -4*y - p. Calculate i(y).
7
Suppose -4*a - 2*n = -6*n + 16, 5*a + 6 = -2*n. Let t be (-2)/(-10)*a*5. Let h(l) = -11*l**2 - 2*l**2 + 7*l**2 + 2*l - l**2 - 2 + 10*l**2. Give h(t).
6
Let c(d) = -d**3 + d**2 + 3*d + 3. Let b be (-13)/(-3) + (-28)/21. Calculate c(b).
-6
Let k(j) = 13*j**2 - 5 + 20*j**2 - 8*j + 21 - 32*j**2 - 7*j. Determine k(14).
2
Let j = -1199/20 + 60. Let r(b) be the second derivative of -b**2 - b + 5/12*b**4 + 1/3*b**3 + 0 - j*b**5. What is r(5)?
8
Suppose q + 8 = 5*h, h - 2 = 2*h - 2*q. Let i(k) = 2 + 0 - 763*k + 755*k. Determine i(h).
-14
Let f(r) = 18*r + 262. Let g be f(-14). Let a(q) = q**2 - 10*q + 9. Determine a(g).
9
Let r(m) be the first derivative of -m**2 - 31*m - 26. What is r(-15)?
-1
Let u(t) = -26*t - 495. Let n be u(-19). Let g(p) = 16*p**2 - p - 2. Let s(k) = -32*k**2 + 3*k + 5. Let c(l) = -7*g(l) - 3*s(l). Calculate c(n).
-15
Let a = -694 - -683. Let g(v) = -v - 11. Determine g(a).
0
Let v(f) = f**3 - 7*f**2 + 5*f + 7. Suppose -2*h - 2*g = 3*g + 8, 20 = 4*h + g. What is v(h)?
1
Let y be 21 + (-21)/14 + 6/(-4). Suppose y - 19 = s. Let m(d) = d**2 + d + 1. Let g(o) = 6*o**2 + 3*o + 4. Let c(n) = g(n) - 5*m(n). What is c(s)?
2
Let v = 13 + -9. Suppose -5*b - v*x - 9 = 16, 4*b = 4*x - 20. Let f(h) = h**2 + 5*h - 3. What is f(b)?
-3
Let v(z) = -36 - 3*z**3 + 127*z + 116*z + 35 - 241*z. Let u be (-2)/(-3) + 3/9. What is v(u)?
-2
Let w(c) = 377*c**2 + c**3 - 6 - 194*c**2 - 194*c**2 + 10*c. Determine w(10).
-6
Let f(t) = 2*t**3 + 9*t**2 - 2*t - 8. Let a(v) = -15 - 11*v + 0*v + 17*v**2 + 3*v**3 + 7*v. Let y(z) = 3*a(z) - 5*f(z). Give y(6).
-17
Let f(q) be the second derivative of 5*q**3/6 + 3*q**2 + 67*q. Give f(3).
21
Let y(r) = 2 + 1 + 2*r + 0*r. Suppose -3*f - h + 52 - 39 = 0, -f + 4*h = -26. Give y(f).
15
Let p(n) = -n. Suppose 30 - 5 = 2*x + 3*t, 5*t - 15 = 2*x. Let l be ((-2)/4)/(3/(-30)). Suppose 0 = 2*c + x + l. Give p(c).
5
Suppose c + 2*u = 9, 8*c - 3*u = 4*c + 91. Let t = c - 23. Let z(m) = 3*m - 4*m - 1 - 2. What is z(t)?
1
Let q(v) be the second derivative of -v**5/120 + 5*v**4/12 + 11*v**3/6 - 8*v. Let t(m) be the second derivative of q(m). Give t(5).
5
Let h(w) = 4*w + 7. Let x(q) = 11*q + 20. Let c(i) = 8*h(i) - 3*x(i). Let a be c(-8). Let r(t) = 3 + t**3 - t**2 + t**2 - a - t. Calculate r(2).
5
Let z = 390 + -387. Let s(x) be the third derivative of 2*x**2 + 0*x - 1/6*x**z - 1/24*x**4 + 0. Determine s(-1).
0
Let p = -135 + 137. Let k(c) = -7*c - 5. Let g(s) = 2*s - 1. Let n(h) = p*g(h) - k(h). What is n(-2)?
-19
Let w(b) = 10*b + 37. Let r(p) = 11*p + 37. Let c(a) = -3*r(a) + 4*w(a). Determine c(-6).
-5
Let k be 21/(-14) + (-55)/(-10). Let t(b) = 6*b - 4. Determine t(k).
20
Suppose 4*x - 6 - 2 = 0. Suppose -x*l - 5*w = 23, -4*l - w - 3 = -2*l. Let r(j) = 14*j**2 - j. What is r(l)?
13
Let y(h) = -3*h**2 + 0*h + 6*h**2 - 6*h**3 - 1 + 6*h**3 + h**3 - 2*h. Give y(-2).
7
Let u(q) = 52*q - 259. Let t be u(5). Let l(w) = -8*w. What is l(t)?
-8
Let u(n) = -n**2 - 7*n + 1. Let j(r) = -r**2 - r. Let h(v) = 6*j(v) - u(v). Let p(d) = d**2 + 6*d + 7. Let w be p(-5). Suppose l - w = -l. What is h(l)?
-5
Suppose 0 = 15*k - 31 + 1. Let t(i) be the first derivative of -3*i - k*i**2 - 1/3*i**3 - 3. What is t(-4)?
-3
Let x(d) = -d**3 - 4*d**2 - 5. Let m(r) = -4*r**3 - 11*r**2 - r - 14. Let l(a) = -2*m(a) + 7*x(a). Let v = 408 + -402. Calculate l(v).
5
Suppose 11*q - 30 = 5*q. Let g(t) = 6*t + 26. Let f(s) = -s - 5. Let c(b) = -22*f(b) - 4*g(b). Give c(q).
-4
Let p(u) = -u**3 + 4*u**2 + 5*u + 3. Let c be 10*9/(-15)*-1. Suppose 10*k = c*k. Suppose 9*i - 11*i + 10 = k. Calculate p(i).
3
Let j(k) = 2*k**3 + 24*k**2 + 14*k + 3. Let p(x) = -x**3 - 11*x**2 - 7*x - 2. Let t(g) = -2*j(g) - 5*p(g). Give t(-6).
-2
Let l(t) = -2*t**2 - 9*t + 9. Let u(x) = x - 1. Suppose -12*r = -16*r + 24. Let a(f) = r*u(f) + l(f). Calculate a(3).
-24
Let y be (2/8)/((-2)/(-16)). Let u be 1 + 6*(y - 3). Let v(c) = -c**3 - 5*c**2 - 2. Let x be v(u). Let r(o) = -5*o**2 - 3*o - 1. Give r(x).
-15
Let g(b) = -b**3 - 4*b**2 + 7*b. Let y be 5 + (1 - (-22)/(-2)). Calculate g(y).
-10
Let m(f) be the first derivative of f**2/2 + 7*f - 97. Determine m(-8).
-1
Let p(y) = -48*y**3 - 30*y**2 + 11*y + 20. Let a(j) = -17*j**3 - 10*j**2 + 4*j + 7. Let u(v) = 17*a(v) - 6*p(v). Determine u(10).
19
Let d(j) be the first derivative of -j**5/60 + 11*j**4/24 - 3*j**3/2 - 11*j**2 - 11. Let l(h) be the second derivative of d(h). Give l(9).
9
Let o(l) = -169*l**3 - l**2 + 86*l**3 - 2*l + 82*l**3 + 5*l - 1. Calculate o(-3).
8
Let o(a) = 3 - 3*a + 31 - 27 - a. Determine o(6).
-17
Let w = -2 + 3. Let j(q) be the second derivative of q**6/360 - 5*q**4/12 + 10*q. Let x(u) be the third derivative of j(u). Give x(w).
2
Suppose 3*s + 2*s = -50. Let c = s - -11. Let d(n) = 6*n + n**3 + 3 + c + 8*n**2 - 2*n**2. Calculate d(-5).
-1
Let w(c) = 15*c - c - 8*c. Let f be -5 + 4 + -1 + 1. What is w(f)?
-6
Suppose 0 = -2*o + 3*o - 2. Let g = 8 - o. Let n(m) = -m - 15. Let z(w) = -3. Let t(p) = -2*n(p) + 11*z(p). What is t(g)?
9
Let z(y) be the first derivative of -1/3*y**3 - 39 - y + 1/2*y**2. Give z(2).
-3
Suppose -3*k - 56 = -5*f, -32 = 2*f - 4*f - 2*k. Let z(i) = -i + 18. Give z(f).
5
Suppose -t + 2*o - 24 = -6*t, 0 = t - 2*o. Let q(v) = 7*v - 26. Determine q(t).
2
Let q(b) = b**3 - 2*b + 1. Let u(t) = t**3 - 31*t**2 - 30*t - 62. Let h be u(32). Give q(h).
5
Suppose 3*m = -6, 3*m - 7 = -4*z - 1. Let j(u) = -2 - 2 - z*u**2 + 5 + 2*u**2 + u. Determine j(-1).
-1
Suppose 4*u + u - 15 = 2*h, u = h. Suppose 5*n = 3*n + 4*z - 10, -5*z = -u. Let g(l) = -10*l - 8. Let t(j) = -5*j - 4. Let i(a) = 3*g(a) - 7*t(a). Give i(n).
-11
Let l(c) = -3*c. Suppose 2*q + q + h = -3, 3*h + 9 = 0. Suppose -n + 3 + 5 = q. Let y be 30/24 + (-2)/n. Determine l(y).
-3
Let g(z) = -4*z - 2. Let m be ((-5)/(-10))/(3/18). Suppose -41 = -m*a + l, 30 = -3*a + 5*a + 2*l. Let o = 12 - a. Calculate g(o).
6
Let d(x) = -37*x - 2. Let q(j) = -j**2 + 24*j - 129. Let u be q(8). Calculate d(u).
35
Let p(w) = 10*w + 1. Let h(f) = f**3 - 3*f**2 - 10*f - 7. Let j be (-1)/2*1*-10. Let g be h(j). Let a = 6 + g. What is p(a)?
-9
Let y(c) = -15*c + 2. Let w(h) = -2*h - 2. Let t(s) = -5*w(s) + y(s). Calculate t(8).
-28
Let c(f) = -f**3 - 9*f**2 - 5*f - 1. Let j(o) = -o**2. Let x(q) = -c(q) + 3*j(q). Suppose 4*a - a = 0. Suppose 6*p + 5 + 25 = a. Determine x(p).
1
Let h be (-11 - -9)/((-1)/(-2) + -1). Let p(r) be the second derivative of 1/20*r**5 - 1/4*r**h + 0 - r**2 + 3*r + 1/3*r**3. Calculate p(3).
4
Let c(k) = 11*k - k**2 + 0*k**2 - 8 + 4. Let o be c(10). Let l(b) = b**2 - 9*b + 5. What is l(o)?
-13
Let l(m) = m**2 - 8*m + 9. Suppose -4*t + 3*u - 4 = -29, -2*u - 33 = -5*t. Determine l(t).
2
Let b(c) = -c + 0*c**2 - 2*c**2 - 3*c + c**2. Suppose 9*y = -22 + 4. Determine b(y).
4
Suppose k + k - 8 = 0, -3 = 3*f - 3*k. Let m(r) = 1 - 2*r**2 + 8*r**3 + f*r**3 - 12*r**3 + 0*r**2. What is m(2)?
-15
Let m(l) = -12*l - 9*l + 1 + 22*l - 11*l - l. What is m(-1)?
12
Let r(b) = b**3 - 4*b**2 + 2*b + 3. Suppose 3*h - 5*o = -h - 7, 3*h - 18 = -4*o. Give r(h).
-1
Let c = 24 - 20. Let v(p) = -3*p**2 + 0 + 5 + p**2 - c + p**3. Let k = -4 + 3. Give v(k).
-2
Let f(u) = -u**3 - 6*u**2 + u - 3. Let k(w) = 2*w**3 + 13*w**2 - 3*w + 6. Let q(t) = t - 1. Let b be q(6). Let a(l) = b*f(l) + 2*k(l). Calculate a(-4).
1
Let t(u) = -5*u**2 + 8*u + 12. Let n(z) = 11*z**2 - 16*z - 27. Let o(m) = 4*n(m) + 9*t(m). Determine o(6).
12
Let a = -4 + 9. Suppose 4 = -2*g, -a*z + z + 5*g = -26. Let k(f) = -z*f - f - f**2 + f + 3 + 3*f. What is k(0)?
3
Let p(d) be the third derivative of d**7/840 - d**6/60 - d**5/15 - 5*d**4/24 - 2*d**3/3 - 6*d**2. Let t(n) be the first der